is the units digit of w(k)?
1
Suppose 153*n - 148*n = 3975. What is the units digit of n?
5
Suppose -4488 = 19*h + 1592. Let m = 484 + h. What is the hundreds digit of m?
1
Suppose -2*g - 1496 = -4*h, -8*h + 4*g - 365 = -9*h. What is the hundreds digit of h?
3
Let d(r) = r**3 + 12*r**2 - 14*r - 18. Let z be d(-13). Let g = z - 3. What is the units digit of g/(-24) - (-5)/3?
2
Let w(g) = g**3 + 8*g**2 + 8*g + 10. Let x be w(-7). What is the tens digit of 1*(-93)/(12/8 - x)?
6
Suppose 5 + 10 = -5*i. What is the units digit of 1*(60 + (i - -5))?
2
Let r be (1 + -1)*(-1)/2. Suppose r = 4*s + 33 - 9. What is the tens digit of 206/12 + s/36?
1
Suppose 10*g - 2014 = -14. What is the units digit of g?
0
Suppose 0 = 18*c - 23653 + 6679. What is the tens digit of c?
4
Let c = 99 + -26. What is the tens digit of c?
7
Suppose -20 = -3*s + 28. Suppose -7 = 130*d - 137*d. What is the units digit of 12/(-15)*(d - s)?
2
Let t = 944 - 566. What is the hundreds digit of t?
3
Let i be 21/14 - (-2)/(-4). Let p(x) be the second derivative of 3*x**5/5 + x**4/12 - x**3/6 + x**2/2 + x. What is the units digit of p(i)?
3
Suppose -5*x - 16 = 14. Let w(t) = t**2 + t - 5. What is the units digit of w(x)?
5
Let j = 1650 - 1171. What is the tens digit of j?
7
Let z be 3/2*(-688)/24. Let g = z + 53. What is the tens digit of g?
1
Let y = -9 + 9. Suppose -x + 0*x = 4*d + 16, y = -d - 5. Suppose u + x - 11 = 0. What is the units digit of u?
7
Let x(z) = -2*z - 9*z - 13 + z - 8*z. Let w be x(-3). Suppose w = 4*f - 51. What is the tens digit of f?
2
Suppose 6 = -5*l + 36. Suppose -5*o - 3*m = -10, 0*o - 3*o + l = -2*m. Let p(v) = 5*v - 3. What is the units digit of p(o)?
7
Suppose -2*n - l + 9233 = n, -2*l = n - 3071. What is the tens digit of n?
7
Let t = 46 - 44. Suppose 0 = -t*j - 8 + 192. What is the units digit of j?
2
Let o(w) = 54*w**3 + 2*w**2 - 1. Let r be o(-1). Let i = r + 74. What is the tens digit of 6/i + (-267)/(-21)?
1
Let x(k) = -8 - k - 4*k**3 + 3*k**3 + 5*k**2 + 3*k. What is the units digit of x(4)?
6
Let k be (-4)/(24/(-9)) - (-6)/(-4). Suppose 0 = -4*h - 2*a + 1128, k*a + 2 = a. What is the tens digit of h?
8
Let g be 1 - ((-12)/4 + 3). Let i(m) = -m**3 - m - 1. Let k(u) = -3*u**3 - 4*u**2 - 3*u - 7. Let d(b) = g*k(b) - 4*i(b). What is the units digit of d(4)?
1
Let j = -1100 + 2021. What is the tens digit of j?
2
Let k(b) = -30*b - 3. Let n(t) = 61*t + 7. Let w(g) = -5*k(g) - 2*n(g). What is the tens digit of w(2)?
5
Suppose -s + 18 = -6*m + 3*m, 3*m = 3*s - 30. Let v(f) = -s*f**2 + 2*f**2 - 5*f + 3*f**3 + 8*f - 2. What is the tens digit of v(2)?
1
Let s(k) = -k + 4. Let o be s(5). Suppose -90 = -7*i + 2*i. What is the tens digit of i - (-3 + (-3)/o)?
1
Let b(f) = -1423*f**3 - 6*f - 5. What is the thousands digit of b(-1)?
1
Suppose 24*z - 76368 = -0*z. What is the thousands digit of z?
3
Suppose 0 = -4*c - i - 43, 3*c - 5*i + 12 + 3 = 0. Let n be c - ((-12)/3 + 1). What is the units digit of ((-4)/n)/(30/105)?
2
Suppose -y - 20 = -b, 0 = 3*y + 2*y + 10. Let x = b - 17. What is the units digit of 0 - (-11 - (-2)/x)?
9
Suppose -17*k = -47033 - 20117. What is the thousands digit of k?
3
Let a be (4/6)/((-4)/12). Let u(r) = 11*r**3 + 2*r**2 - 3*r - 5. Let v be u(a). Let o = 115 + v. What is the units digit of o?
6
Let z = -3569 - -7654. What is the hundreds digit of z?
0
Let g = 32 + -40. Let n = 5 - g. What is the tens digit of n?
1
Suppose -4*o + 4*j = 3 - 39, -2 = 2*o + 2*j. Let c be o*(-2)/(-12)*3. Suppose 0 = 4*k + 5*r - 7, 2*k + c*r = -3*r - 9. What is the units digit of k?
8
Let k be 0/(-2)*(-1)/(-3). Suppose k = -20*p + 23*p - 102. What is the tens digit of p?
3
Let n be -4 + 7/1 - 3. Suppose 5*b - 290 = -n*b. What is the units digit of b?
8
Let t(u) = 8*u + 2. Let w = -12 - -17. Let h be t(w). Suppose 5*c - h = 48. What is the tens digit of c?
1
Suppose -2*z = 4*h - 2366, -38*z - 4*h - 3589 = -41*z. What is the thousands digit of z?
1
Suppose 0 = -f, -a - 14 = -3*a + f. Suppose -a = 2*g - 403. Suppose 3*l - 2*y - g = 0, 2*l - l - 66 = 2*y. What is the units digit of l?
6
Suppose -3*z + 0*z + 3 = 0. Suppose -9 = j + z. Let g = 4 - j. What is the tens digit of g?
1
Let h(y) = y**3 + 7*y**2 - 2*y. Let u be ((-44)/(-55))/(4/(-30)). What is the units digit of h(u)?
8
Let r be (-4)/(-6) + (-18)/27. Let s(n) = n + 41. What is the tens digit of s(r)?
4
Let t(z) = 11*z**2 + z**2 - 2 + z**3 + 7*z**2 - 20*z. Let h be t(-20). What is the units digit of 19/((-9)/h + -4)?
8
Let y be 0 + -3 - (-2 - 0). Suppose -2*i = -3*p + 5*p + 36, -5*p - i - 82 = 0. What is the units digit of (-168)/p - y/(-2)?
0
Suppose 2*p - 10 = 70. Suppose -4*a + 103 = 3*r, a + 170 + p = 5*r. What is the units digit of r?
1
Let l(z) = 5*z**2 - 46*z - 417. What is the hundreds digit of l(-14)?
2
Let v(z) = -3578*z + 19. What is the thousands digit of v(-1)?
3
Suppose 0 = -u - 2, u + 32 = -2*m + 1566. What is the tens digit of m?
6
Suppose 21 = 4*a - 2*y - 13, 3*a - 28 = 2*y. What is the units digit of 195/a + 2/4?
3
Let a(u) = -u**3 - u**2 - u - 2. Let h be a(0). Let y be (-3 - -1) + 4 + (-5)/1. What is the units digit of h - -22 - (5 + y)?
8
Let r(o) = 0*o**3 + o**3 + 0*o**2 - o + 3*o**2 - 2*o**2 + 3. Let t be r(-3). Let k = -7 - t. What is the units digit of k?
5
Let f = -11 + 4. Let z = -5 - f. What is the units digit of 3*(z + -3 + 3)?
6
Suppose 4*t - 7*v + 3*v + 120 = 0, 2*t + 68 = 4*v. What is the units digit of 39/t - (-115)/2?
6
Let d = -949 + 1418. What is the units digit of d?
9
Suppose -3079 = -23*g + 5109. What is the tens digit of g?
5
Suppose 0 = -6*j + 15 + 9. Suppose -j*b + 339 = g, -2*b = -3*b + g + 81. Suppose -4*p = -8*p + b. What is the units digit of p?
1
Let z(t) = -5*t**2 + 6*t + 25. Let x(u) = 4*u**2 - 6*u - 26. Let q(r) = 4*x(r) + 3*z(r). Suppose -8 - 16 = -2*a. What is the units digit of q(a)?
3
Let r(g) = 6*g**2 + 20*g - 66. What is the thousands digit of r(-21)?
2
Suppose 3*v - 4 = -2*r, -2*v + v = r - 1. Let t(o) = -6*o - 1. Let s be t(-1). Suppose -s*u + 2*u + x = -29, -v*u = -3*x - 24. What is the units digit of u?
9
What is the tens digit of 8/8*(4*127 - 2)?
0
Let k = 4 - 9. Let w(q) = -12*q - 3. What is the units digit of w(k)?
7
Let n(g) = -2*g**3 - 4*g**2 + 11*g + 5. What is the hundreds digit of n(-5)?
1
What is the hundreds digit of (-2 - (-9)/(-18))*1316/(-10)?
3
Let w(s) = s**2 - 1. Let b(i) = -i**2 - 3*i - 12. Let g(l) = b(l) + 2*w(l). What is the tens digit of g(12)?
9
Suppose s + 1239 = 1262. What is the units digit of s?
3
Let d(y) = -y**3 + 9*y**2 - 3*y - 4. Let x be d(8). Suppose 0 = -6*n + 9*n + x. Let w = n + 21. What is the units digit of w?
9
Let h = 2 - 6. Let p be 4 + (h - 1)*-1. Suppose 0*j = p*j - 135. What is the units digit of j?
5
Suppose -2*o - 300 = -3*o. Suppose 0 = g + 4*g + o. What is the tens digit of 3*(0 + g/(-9))?
2
Let m = 271 + 349. What is the units digit of m?
0
Let z(h) be the first derivative of -47*h**2/2 - 11*h - 10. What is the tens digit of z(-6)?
7
Let q(g) = -g**3 - 11*g**2 + 13*g + 15. Let j be q(-12). Suppose -j*b + 58 = -5*p, 0 = -0*p + 2*p + 3*b + 19. Let x = p + 32. What is the tens digit of x?
2
Let f be (-256)/10 + 2/(-5). Suppose -t - 3 = -49*n + 50*n, -n - 1 = -t. What is the units digit of (3 - f - t) + 3?
3
Suppose 2*k + 4 = -14. Let h be 5*24/k*-9. Suppose 0 = -t - 2*t + h. What is the units digit of t?
0
Suppose 3*a - 4*a = -2. Let w be 8*1/a - 2. Suppose w*l = -35 + 93. What is the units digit of l?
9
Suppose 0 = 5*v - 6 - 19. Let m(q) be the first derivative of -q**3/3 + 7*q**2/2 - 7*q + 3. What is the units digit of m(v)?
3
Suppose 4*k = 348 + 304. Let s = k + -51. What is the units digit of s?
2
Let z be ((-18)/12)/((-3)/4). Let w be (-8 - -8)/(z - 1). Let s = w - -25. What is the tens digit of s?
2
Suppose -6 + 19 = c. Suppose c = -4*z + 101. Suppose 90 = 7*i - z. What is the tens digit of i?
1
Suppose 7*l - 26 = -82. Let m(d) = 12*d - 2. Let f be m(3). Let r = f + l. What is the units digit of r?
6
Let s(q) = q**3 + 26*q**2 - 64*q + 13. What is the hundreds digit of s(-14)?
2
Let d(w) = 3*w**2 - 3*w + 3. Let j be d(-4). Suppose -5*l + 563 - j = 0. Suppose 5*x + 5 = l. What is the units digit of x?
9
What is the tens digit of (13/117)/((-2)/(-3258))?
8
Let b(u) = 2*u - u - 5*u + 4 - 2*u. Let t 